uppose 5 = -3*t + 1442. What are the prime factors of t?
479
Let l = 13 - 14. Let r(y) = -1. Let b(m) = 10*m. Let a(j) = l*b(j) - 2*r(j). What are the prime factors of a(-2)?
2, 11
Let o = -8 - -31. Let m = o - -20. What are the prime factors of m?
43
Suppose -75 = -4*x - 11. Suppose 4*l = -5*q - 6, l + x = 5*q + 2. Suppose -q*p + 165 = 3*p. What are the prime factors of p?
3, 11
Let b(w) = w**3 - 6*w**2 + 2*w - 7. Let r be 2/(-4) - (-52)/8. Let y be b(r). Let s(i) = 5*i - 7. List the prime factors of s(y).
2, 3
Let v(k) = 116*k**2 + 24. List the prime factors of v(-5).
2, 17, 43
Let s = 77 + 9. List the prime factors of s.
2, 43
Suppose 5*c + 5105 = 23200. List the prime factors of c.
7, 11, 47
Suppose -177*f + 2580 = -172*f. List the prime factors of f.
2, 3, 43
Let g be (4/10)/((-12)/(-4860)). Suppose -2*j - j = -g. What are the prime factors of j?
2, 3
Let y = 2064 + -4. Suppose -1804 = -21*k + y. What are the prime factors of k?
2, 23
Suppose -4*u - 3*c = -113, -u + 4*c + 61 = 9. Suppose 8*i + u = 12*i. What are the prime factors of i?
2
Let n be (-3)/5 + (-3)/(-5). Suppose n = -0*u + u - 7. Let p = 3 + u. List the prime factors of p.
2, 5
Suppose 1069 = -3*v - 2. Let c = v - -732. Suppose -5*r - 213 + 54 = -2*t, 5*t - 5*r - c = 0. What are the prime factors of t?
2, 3
Suppose -g = a + 4*a - 3679, 0 = a - 4*g - 719. List the prime factors of a.
3, 5, 7
Let v be (10/20)/(1 - (-2)/(-4)). Let d = 3 - 5. List the prime factors of (22 + -3 + d)*v.
17
Let c(h) = 30*h - 4 - h**2 + 3*h**3 - 2*h**3 - 31*h - 4*h**2. Let g be c(5). List the prime factors of (-12)/(-18) + (-66)/g.
2
Suppose -3*h + 467 = -2*h + z, 1373 = 3*h - 4*z. List the prime factors of h.
463
Let j(a) = -3*a - 16. Let i be j(-12). Let y = 13 - i. Let p(q) = q**2 + 4*q - 6. List the prime factors of p(y).
3, 5
Let y(l) = 8*l + 3. Let d be y(-4). Let v = d - -24. What are the prime factors of (v - -4)/(3/(-159))?
53
Let h(y) = -262*y + 5. What are the prime factors of h(-2)?
23
Let k(n) = n**3 - 9*n**2 + 3*n + 8. Let i = -63 + 72. List the prime factors of k(i).
5, 7
Suppose 3855*v + 2737 = 3856*v. List the prime factors of v.
7, 17, 23
Let d(l) = l + 1. Let b(z) = -z**2 - z + 11. Let k(a) = b(a) - 4*d(a). Let f be k(-6). Suppose -5*g = f - 96. List the prime factors of g.
19
What are the prime factors of 1755 + 31/((-248)/(-96))?
3, 19, 31
Suppose -920 = -2*m + 4*y, -3*m = -5*y - 839 - 539. Suppose 0 = -3*a - 4*i + 342, 4*a + i = -0*a + m. List the prime factors of a.
2, 3, 19
Let v = 28 + 15. Suppose 2*z - v = 17. List the prime factors of z.
2, 3, 5
Suppose -8*y + 261 = -51. Let k be ((-12)/5)/(5/25). Let g = y + k. List the prime factors of g.
3
Suppose 4*x + 15 - 75 = 0. Let l be (6/x)/(1/10). Suppose 6*k = k + l*r + 250, 0 = -5*k - 4*r + 250. What are the prime factors of k?
2, 5
Let h(f) = -f**3 - 17*f**2 - 13*f + 46. Let y be h(-16). What are the prime factors of (5 - 64)/(2*1/y)?
59
Suppose -9*n + 0*n = -819. Let y = -69 + n. What are the prime factors of y?
2, 11
Let c(t) = 44 + 40*t - 59 + 6*t. Let n be c(5). Suppose -6*b + b = -n. List the prime factors of b.
43
Suppose -5*i - w - 23 = -4*w, w + 18 = -2*i. Let r(s) = -4*s - 10 + 6*s**2 + s**3 - 6*s + 16 - 3. What are the prime factors of r(i)?
2, 3
Let d(j) = -j**3 - 17*j**2 + 17*j - 12. Let p be d(-18). Suppose p*x - 358 - 230 = 0. What are the prime factors of x?
2, 7
Let v = 1198 - 308. Suppose 8*h = 3*h + v. List the prime factors of h.
2, 89
Suppose -y - 21*o + 23*o = -477, -3*y + 1441 = 4*o. What are the prime factors of y?
479
Let o = -37 - -35. What are the prime factors of 125 + ((-5 - 0) + 3 - o)?
5
Let n(d) = 2*d**3 + 12*d**2 - d - 8. Let w(c) = -2*c**3 - 13*c**2 + 2*c + 8. Let x(j) = -5*n(j) - 4*w(j). List the prime factors of x(-4).
2, 5
Suppose -2*v - v = 522. Suppose 15*m - 8 = 17*m. What are the prime factors of 8/12*v/m?
29
Let i be 2/4*(-6 - -28). Suppose i - 5 = 2*z. Suppose z*l = -0*l + 84. List the prime factors of l.
2, 7
Suppose 4*u - 2*x = 10, -2*x - 2*x + 10 = 2*u. Suppose -u*j + 2*j - 80 = 0. Let k = j + 115. List the prime factors of k.
5, 7
Let y be 705/(-9) - ((-10)/6)/5. Let u = -28 - y. What are the prime factors of u?
2, 5
Let f = -241 + 1368. List the prime factors of f.
7, 23
Let t = -44 - -44. Suppose 151 = 3*k + 2*k - 3*m, t = -2*k + 2*m + 62. List the prime factors of k.
29
Suppose -5*g - 6 = -7*g. Suppose v - 3*v = -r + 2, 5*r = g*v + 17. What are the prime factors of r + -10*7/(-2)?
3, 13
Let o(c) = c**3 + 6*c**2 + c + 2. Let g be o(-5). Let z be g/8 + (-15)/20. Suppose 0*n = z*n - 50. What are the prime factors of n?
5
What are the prime factors of 1798/11 + (-264)/(-484)?
2, 41
Let t(d) = d**2 + 12*d + 26. Let r be (20/(-15) + 1)*63. What are the prime factors of t(r)?
5, 43
Suppose -y + 2142 = -2*i, -5793 - 647 = -3*y - i. List the prime factors of y.
2, 29, 37
Let g(n) = -27*n + 1. Let l be g(1). List the prime factors of -16*(l/4 - 0/(-4)).
2, 13
What are the prime factors of 13*(92 - 12) + (0 - -1)?
3, 347
Suppose -3*j + 1344 = -2364. What are the prime factors of j?
2, 3, 103
Let o = 21 - 19. Suppose 0*c + 19 = o*c - 3*p, 2*c = -3*p + 49. List the prime factors of c.
17
Suppose -3*d + 4*v + 0*v + 4 = 0, 4*d - 5*v = 7. List the prime factors of d/16 + (-278)/(-4).
2, 5, 7
Suppose -3*r - 4*v + 29 = 0, 2*r - 3*v + 8 + 1 = 0. Suppose 930 = 4*i - 3*p, 8*i - 2*p - 1166 = r*i. List the prime factors of i.
2, 3, 13
Let r = 27 + -17. Suppose -724 = -r*y + 6*y. What are the prime factors of y?
181
Let h = 33 + -37. Let k be -1 + 92 + h - -3. Suppose 3*f - 21 = -3*b + k, 3*b = 3*f - 99. List the prime factors of f.
5, 7
Suppose 4*l + 3*t = 2*t + 5, -6 = 2*t. Suppose -5 = -l*j + 1. List the prime factors of ((-9)/(-4))/(j/60).
3, 5
Let z(o) = o**3 + 19*o**2 + 19*o + 10. Let i be z(-18). What are the prime factors of ((-2)/i)/((-4)/(-1264))?
79
What are the prime factors of 19746/12 - (14/4 + -4)?
2, 823
Suppose 66 = x + 2*x. Suppose -3*d + 0*d - 5*u + x = 0, -d + 4*u = -13. Suppose -29 = -5*j - d. What are the prime factors of j?
2
Let k(w) be the first derivative of 3*w**3 + 5*w**2 - 8*w - 11. What are the prime factors of k(-5)?
167
Suppose -13*b - 10*b = -34477. List the prime factors of b.
1499
Let x(k) = -k**3 + 11*k**2 - 7*k + 16. What are the prime factors of x(9)?
5, 23
Let v(d) = d**2 - 11*d + 12. Let b be v(8). Let r be ((-75)/b)/((-3)/24). What are the prime factors of 70/4*(-120)/r?
2, 3, 7
Let u be (-2)/(-12) - 34/(-12). Suppose -13 + 1 = -3*v, -5*z - 243 = u*v. Let g = 4 - z. What are the prime factors of g?
5, 11
Suppose 0 = -3*l - 3*y + 4*y + 755, 0 = l + y - 253. Suppose -7*q + l = -3*q. What are the prime factors of q?
3, 7
Let r(d) = 35*d - 35. Let z = 14 + -9. What are the prime factors of r(z)?
2, 5, 7
Suppose b - 763 + 215 = 0. What are the prime factors of b?
2, 137
Suppose 15 = -3*w + 8*w. Suppose w*k + 38 = 8. Let v = 1 - k. What are the prime factors of v?
11
Suppose -4*n + 2*i + 1774 = 0, -5*i + 1739 = 6*n - 2*n. Let k = n + -257. List the prime factors of k.
2, 23
Let b(l) = -l**2 - 11*l - 23. Let m be b(-6). Suppose -4*s + m*s - 450 = 0. List the prime factors of s.
2, 3, 5
Suppose -f + 17 = 5*t - 27, 4*t - 12 = 5*f. What are the prime factors of (-9*(-2)/t)/(1/108)?
3
Suppose -4*d = 5*g + 3, 2*g + 3*d = -3*g - 1. Let n(y) = 18*y**3 + y**2 - y. Let p be n(g). List the prime factors of (-3)/(-1 + p/21).
3, 7
Suppose 4*n + 8*h = 10*h + 1394, 0 = 5*n - h - 1741. What are the prime factors of n?
2, 3, 29
Suppose v = -3*l + 66, 5*l + 2*v - 121 = 4*v. Let p be ((-8)/3)/((-4)/6). Suppose -3*x = -p*x + l. What are the prime factors of x?
23
Let l(g) = 69*g + 49. What are the prime factors of l(12)?
877
Let o = -115 + 112. What are the prime factors of 190 + (-2 - o)*2 + -1?
191
Suppose 5*v - 18 = 2*v. Suppose v*x = 2*x. Suppose 4*h - d - 104 - 24 = x, -4*h + 128 = d. List the prime factors of h.
2
Suppose k + 2*z + 82 = 0, -230 = 3*k - 4*z + 66. Let m = k + 116. What are the prime factors of m?
2, 3
List the prime factors of ((-110)/30)/(2*6/(-19368)).
2, 11, 269
Let o(x) = x**3 - 7*x**2 - 13*x - 2. List the prime factors of o(9).
43
Suppose -2*k = -2*t - 2554, 3*t - 3831 = 66*k - 69*k. What are the prime factors of k?
1277
Let a(x) be the first derivative of -